hat is -14b + 1?
-14a
In base 9, what is 3 - -14?
17
In base 7, what is 2 - -114?
116
In base 2, what is 11 + 101001001000?
101001001011
In base 6, what is -14 + -3?
-21
In base 11, what is 2 + -774?
-772
In base 8, what is 0 - 1767?
-1767
In base 5, what is 33434 - -4?
33443
In base 10, what is 22 - -1?
23
In base 10, what is -5 - 419?
-424
In base 5, what is -133 - 1022?
-1210
In base 16, what is 37c + d?
389
In base 4, what is -3210 + -231?
-10101
In base 8, what is -42 - 4?
-46
In base 16, what is d8 + 0?
d8
In base 8, what is 5 + -3745?
-3740
In base 14, what is -7 - 72?
-79
In base 10, what is -5 - -37?
32
In base 7, what is 11 - -3660?
4001
In base 15, what is 348 + -1c?
32b
In base 7, what is 0 - -5153?
5153
In base 11, what is -75 + 1?
-74
In base 14, what is -1 + 2?
1
In base 13, what is 1 + -35?
-34
In base 3, what is 1002 - 12?
220
In base 6, what is 112 - -1443?
1555
In base 8, what is -3 - 10?
-13
In base 11, what is -1 + 631?
630
In base 12, what is 0 - 45?
-45
In base 14, what is -b3 + 1?
-b2
In base 16, what is -4 + b?
7
In base 15, what is 33b8 - 5?
33b3
In base 12, what is -61 - 64?
-105
In base 6, what is -1101 + -1?
-1102
In base 8, what is -1341 - -4?
-1335
In base 4, what is 103 - 200?
-31
In base 7, what is 23 - 0?
23
In base 16, what is 1 - -1b4?
1b5
In base 16, what is 2 + 14?
16
In base 5, what is 10 - -421?
431
In base 6, what is 525 + -45?
440
In base 11, what is 15701 - -3?
15704
In base 3, what is -21211 - -12?
-21122
In base 9, what is 4 + 2046?
2051
In base 6, what is 32154 - -2?
32200
In base 11, what is 4a19 - 1?
4a18
In base 3, what is 1110210 - 102?
1110101
In base 3, what is -11 - 1012102?
-1012120
In base 14, what is -5 + -434?
-439
In base 8, what is -255 - 5?
-262
In base 8, what is 3 - 14?
-11
In base 5, what is 10322 + -1?
10321
In base 6, what is -4 - 2125?
-2133
In base 4, what is 3 + -1000?
-331
In base 5, what is 1102 + 110?
1212
In base 14, what is 3 + 80?
83
In base 14, what is -5 - 2c?
-33
In base 15, what is -c1 - -3?
-bd
In base 3, what is -121000122 - 2?
-121000201
In base 11, what is 68 - a?
59
In base 11, what is 1 - -51?
52
In base 6, what is 3 + 104?
111
In base 12, what is a + 1a?
28
In base 16, what is -39e - 0?
-39e
In base 15, what is -5 + -82?
-87
In base 13, what is 46 + -2?
44
In base 3, what is 11120 - 10?
11110
In base 7, what is 5 + -1120?
-1112
In base 2, what is -11001010 + 100?
-11000110
In base 10, what is 5 + 63?
68
In base 2, what is 11100 + -100001?
-101
In base 11, what is 201 + -5?
1a7
In base 2, what is 11 - 11?
0
In base 7, what is -20 + 3006?
2656
In base 9, what is -114 + -23?
-137
In base 15, what is 10 + 2c8?
2d8
In base 4, what is 0 - 1?
-1
In base 15, what is -84 - 3?
-87
In base 5, what is -103043 - 0?
-103043
In base 14, what is -301 - 4?
-305
In base 14, what is 434 - 1?
433
In base 4, what is -101 - -1202?
1101
In base 11, what is 487 + 1?
488
In base 7, what is 311 - 3?
305
In base 13, what is 19 + 19?
35
In base 2, what is -10010 + 100?
-1110
In base 11, what is -22 - 15a?
-181
In base 14, what is 91 - 0?
91
In base 11, what is a7a + 5?
a84
In base 10, what is 203 + -4?
199
In base 12, what is 1015 - -5?
101a
In base 6, what is -1203 - 2?
-1205
In base 15, what is -e2 + -19?
-10b
In base 14, what is -b88 - -3?
-b85
In base 3, what is 20 + -12000?
-11210
In base 8, what is -5 - 115?
-122
In base 5, what is -1433 + 1?
-1432
In base 8, what is -1135 + -5?
-1142
In base 2, what is -100 - -11001?
10101
In base 16, what is -1ed - -33?
-1ba
In base 7, what is -22046 + -1?
-22050
In base 15, what is 4 - -28a?
28e
In base 8, what is -1 - 1143?
-1144
In base 12, what is 575 + 0?
575
In base 12, what is -58 - 10?
-68
In base 10, what is -48 + 497?
449
In base 2, what is 101 + 1111110100?
1111111001
In base 5, what is -201120 - -3?
-201112
In base 10, what is 7 + -175?
-168
In base 2, what is -101 - 100001?
-100110
In base 14, what is 3 + a8b?
a90
In base 15, what is 2 + -23b?
-239
In base 15, what is -4 - 42c?
-431
In base 3, what is 12 - 12000?
-11211
In base 14, what is 1 + 6?
7
In base 15, what is 3 - 8e?
-8b
In base 15, what is -2 - 2bc?
-2be
In base 12, what is -2 - 13?
-15
In base 10, what is -1 - -39?
38
In base 11, what is 32 + -3?
2a
In base 6, what is 3215 - -1?
3220
In base 15, what is 4 - 49?
-45
In base 9, what is -6 - -104?
87
In base 3, what is 1 - 20100122?
-20100121
In base 8, what is 16 - 73?
-55
In base 16, what is 4c - 5?
47
In base 9, what is 146 - 1?
145
In base 7, what is 3 + -1164?
-1161
In base 12, what is 163 - -4?
167
In base 15, what is -7 - -11a?
113
In base 4, what is -10 + 1133?
1123
In base 2, what is -10001110011 + -1011?
-10001111110
In base 8, what is 2 - -237?
241
In base 7, what is 2 - 36?
-34
In base 7, what is 20 - 1?
16
In base 13, what is 567 - 2?
565
In base 12, what is 2448 - -1?
2449
In base 13, what is -224 - -2?
-222
In base 13, what is -4 - -636?
632
In base 5, what is 3 - -4203?
4211
In base 10, what is 1 - -3756?
3757
In base 4, what is 3 - -102113?
102122
In base 14, what is -4 + -277?
-27b
In base 6, what is 142512 + 0?
142512
In base 9, what is -7 + 1648?
1641
In base 14, what is 3 + 918?
91b
In base 4, what is 13 + -2?
11
In base 11, what is -499 - 20?
-509
In base 10, what is -1 - 63?
-64
In base 15, what is -1e + 5?
-19
In base 8, what is 227 + 66?
315
In base 13, what is b89 - 0?
b89
In base 15, what is 39 - a6?
-6c
In base 5, what is 123402 - 1?
123401
In base 9, what is 75 + 18?
104
In base 9, what is 3340 - -3?
3343
In base 5, what is -304 - -2?
-302
In base 7, what is -314 + 4?
-310
In base 6, what is -2 - 13305?
-13311
In base 13, what is 7 + 117?
121
In base 12, what is 96 - 3?
93
In base 13, what is -3 + -27b?
-281
In base 16, what is 15 + -2c?
-17
In base 12, what is -57a + -2?
-580
In base 11, what is -1 - 52?
-53
In base 6, what is -102 - -21?
-41
In base 3, what is -1 + 20011002?
20011001
In base 10, what is -7090 + 4?
-7086
In base 2, what is 1000010 - 1011?
110111
In base 4, what is -3 + -12133?
-12202
In base 10, what is 17 - 18?
-1
In base 2, what is 1 + 101101001111?
101101010000
In base 16, what is 716 - -3?
719
In base 5, what is 3201 + -23?
3123
In base 3, what is -121112 - -2?
-121110
In base 14, what is 287 - 2?
285
In base 3, what is 10122 + 1202?
12101
In base 14, what is 3 - 2b0?
-2ab
In base 4, what is -3021 + -3?
-3030
In base 15, what is 0 - 25?
-25
In base 3, what is -100 - 122?
-222
In base 12, what is 6 - -134?
13a
In base 8, what is -2531 - -4?
-2525
In base 13, what is -4183 + -5?
-4188
In base 5, what is -323 + 131?
-142
In base 4, what is -3 - 1122?
-1131
In base 5, what is -40 + -1?
-41
In base 15, what is 2 - -10e2?
10e4
In base 10, what is -7 + -39?
-46
In base 11, what is 1 - -1178?
1179
In base 8, what is 146 - -32?
200
In base 10, what is 46 - 0?
46
In base 7, what is -35263 - 0?
-35263
In base 9, what is 316 + 38?
355
In base 14, what is -2 + -10c?
-110
In base 3, what is 11 - -2020?
2101
In base 12, what is 3 - 14?
-11
In base 2, what is -1 - -111110?
111101
In base 5, what is 1410 + 22?
1432
In base 14, what is 3ca - 4?
3c6
In base 14, what is -33 + 25?
-c
In base 10, what is -787 + -10?
-797
In base 16, what is -5 - -9?
4
In base 9, what is -115 - -64?
-41
In base 3, what is 12121200 - -2?
12121202
In base 3, what is -12 - -22?
10
In base 5, what is 10 - -113?
123
In base 4, what is 1 - -31020?
31021
In base 10, what is -2 + -250?
-252
In base 4, what is -121 - 1001?
-1122
In base 2, what is 1111101001010 + 101?
1111101001111
In base 7, what is 2 + -206?
-204
In base 13, what is -946 - a?
-953
In base 8, what is 55 + 5?
62
In base 7, what is -15 - 360?
-405
In base 5, what is 3230 - -2?
3232
In base 7, what is 2 + 2401?
2403
In base 9, what is 321 + 4?
325
In base 11, what is 0 + -1819?
-1819
In base 13, what is 0 - -3b?
3b
In base 12, what is 2 + -239?
-237
In base 5, what is 203120 + -2?
203113
In base 11, what is 5 - 79?
-74
In base 13, what is -633 - -1?
-632
In base 5, what is -3323 + -3?
-3331
In base 15, what is 4 + -40?
-3b
In base 8, what is -1024 - 67?
-1113
In base 3, what is -120222 - -1?
-120221
In base 4, what is 310 + 311?
1221
In base 7, what is -126 - 20?
-146
In base 16, what is 106 - -4?
10a
In base 14, what is -4d4 - 2?
-4d6
In base 14, what i